{"id":725,"date":"2015-04-15T09:30:31","date_gmt":"2015-04-15T09:30:31","guid":{"rendered":"http:\/\/wp-royal.com\/cufo\/mercury\/?page_id=725"},"modified":"2023-03-20T22:36:10","modified_gmt":"2023-03-20T21:36:10","slug":"a-propos","status":"publish","type":"page","link":"https:\/\/franckraynal.fr\/cartoons\/a-propos\/","title":{"rendered":"\u00c0 propos"},"content":{"rendered":"<p>[vc_row][vc_column]<div id=\"ultimate-heading-66206a0327930e750\" class=\"uvc-heading ult-adjust-bottom-margin ultimate-heading-66206a0327930e750 uvc-5507 \" data-hspacer=\"no_spacer\"  data-halign=\"left\" style=\"text-align:left\"><div class=\"uvc-heading-spacer no_spacer\" style=\"top\"><\/div><div class=\"uvc-main-heading ult-responsive\"  data-ultimate-target='.uvc-heading.ultimate-heading-66206a0327930e750 h1'  data-responsive-json-new='{\"font-size\":\"\",\"line-height\":\"\"}' ><h1 style=\"font-family:&#039;Raleway&#039;;font-weight:700;\">\u00c0 propos<\/h1><\/div><\/div>[\/vc_column][\/vc_row][vc_row css=\u00a0\u00bb.vc_custom_1442521340885{padding-bottom: 0px !important;}\u00a0\u00bb][vc_column][vc_single_image image=\u00a0\u00bb1226&Prime; img_size=\u00a0\u00bb350&#215;580&Prime; alignment=\u00a0\u00bbcenter\u00a0\u00bb][\/vc_column][\/vc_row][vc_row css=\u00a0\u00bb.vc_custom_1442521381628{padding-top: 20px !important;padding-bottom: 40px !important;}\u00a0\u00bb][vc_column width=\u00a0\u00bb1\/2&Prime;]<div id=\"ultimate-heading-76536a0327930e792\" class=\"uvc-heading ult-adjust-bottom-margin ultimate-heading-76536a0327930e792 uvc-5968 \" data-hspacer=\"no_spacer\"  data-halign=\"left\" style=\"text-align:left\"><div class=\"uvc-heading-spacer no_spacer\" style=\"top\"><\/div><div class=\"uvc-main-heading ult-responsive\"  data-ultimate-target='.uvc-heading.ultimate-heading-76536a0327930e792 h3'  data-responsive-json-new='{\"font-size\":\"\",\"line-height\":\"\"}' ><h3 style=\"font-family:&#039;Raleway&#039;;font-weight:bold;color:#3a3a3a;\">Que puis-je pour vous ?<\/h3><\/div><div class=\"uvc-sub-heading ult-responsive\"  data-ultimate-target='.uvc-heading.ultimate-heading-76536a0327930e792 .uvc-sub-heading '  data-responsive-json-new='{\"font-size\":\"desktop:13px;\",\"line-height\":\"desktop:25px;\"}'  style=\"font-family:&#039;Raleway&#039;;font-weight:normal;color:#8d8d8d;\">Je r\u00e9alise un interfa\u00e7age humoristique entre votre activit\u00e9 et votre audience. Je cr\u00e9e des images pour mettre en valeur votre m\u00e9tier, votre activit\u00e9, vos actions, par le biais de l&rsquo;humour. Ces r\u00e9alisations peuvent \u00eatre ponctuelles pour r\u00e9pondre \u00e0 un besoin born\u00e9 par des objectifs clairs ou s&rsquo;articuler dans la dur\u00e9e pour enrichir une communication existante ou en mettre en place une nouvelle.<\/p>\n<p>L&rsquo;intention finale est toujours d&rsquo;associer un sourire \u00e0 votre identit\u00e9, et de le faire partager.<\/p>\n<p>Vous souhaitez en savoir plus ? <a href=\"https:\/\/franckraynal.fr\/cartoons\/contact\/\">Parlons-nous<\/a>.<\/div><\/div>[\/vc_column][vc_column width=\u00a0\u00bb1\/2&Prime;]<div id=\"ultimate-heading-15196a0327930e7b6\" class=\"uvc-heading ult-adjust-bottom-margin ultimate-heading-15196a0327930e7b6 uvc-2085 \" data-hspacer=\"no_spacer\"  data-halign=\"left\" style=\"text-align:left\"><div class=\"uvc-heading-spacer no_spacer\" style=\"top\"><\/div><div class=\"uvc-main-heading ult-responsive\"  data-ultimate-target='.uvc-heading.ultimate-heading-15196a0327930e7b6 h3'  data-responsive-json-new='{\"font-size\":\"\",\"line-height\":\"\"}' ><h3 style=\"font-family:&#039;Raleway&#039;;font-weight:bold;color:#3a3a3a;\">Outils<\/h3><\/div><\/div>[vc_progress_bar values=\u00a0\u00bb%5B%7B%22label%22%3A%22Cerveau%22%2C%22value%22%3A%2299.9%22%2C%22customcolor%22%3A%22%23e5ae47%22%7D%2C%7B%22label%22%3A%22Crayon%22%2C%22value%22%3A%2250%22%2C%22customcolor%22%3A%22%23e5ae47%22%7D%2C%7B%22label%22%3A%22Gomme%22%2C%22value%22%3A%2225%22%2C%22customcolor%22%3A%22%23e5ae47%22%7D%2C%7B%22label%22%3A%22Adobe%20(Photoshop%2C%20Illustrator%2C%20Indesign&#8230;)%22%2C%22value%22%3A%2285%22%7D%2C%7B%22label%22%3A%22Photographie%2C%20vid%C3%A9o%22%2C%22value%22%3A%2250%22%7D%5D\u00a0\u00bb bgcolor=\u00a0\u00bbcustom\u00a0\u00bb options=\u00a0\u00bbanimated\u00a0\u00bb units=\u00a0\u00bb%\u00a0\u00bb custombgcolor=\u00a0\u00bb#e5ae47&Prime;][\/vc_column][\/vc_row][vc_row css=\u00a0\u00bb.vc_custom_1442846542265{border-top-width: 1px !important;padding-top: 40px !important;padding-bottom: 40px !important;border-top-color: #e0e0e0 !important;border-top-style: solid !important;}\u00a0\u00bb][vc_column width=\u00a0\u00bb1\/3&Prime;]<div id=\"ultimate-heading-3016a0327930e7d0\" class=\"uvc-heading ult-adjust-bottom-margin ultimate-heading-3016a0327930e7d0 uvc-4951 \" data-hspacer=\"no_spacer\"  data-halign=\"left\" style=\"text-align:left\"><div class=\"uvc-heading-spacer no_spacer\" style=\"top\"><\/div><div class=\"uvc-sub-heading ult-responsive\"  data-ultimate-target='.uvc-heading.ultimate-heading-3016a0327930e7d0 .uvc-sub-heading '  data-responsive-json-new='{\"font-size\":\"desktop:13px;\",\"line-height\":\"desktop:13px;\"}'  style=\"font-family:&#039;Raleway&#039;;font-weight:700;color:#e5ae47;\">Communication d&rsquo;entreprise<\/div><\/div><div id=\"ultimate-heading-31736a0327930e7eb\" class=\"uvc-heading ult-adjust-bottom-margin ultimate-heading-31736a0327930e7eb uvc-9449 \" data-hspacer=\"no_spacer\"  data-halign=\"left\" style=\"text-align:left\"><div class=\"uvc-heading-spacer no_spacer\" style=\"top\"><\/div><div class=\"uvc-main-heading ult-responsive\"  data-ultimate-target='.uvc-heading.ultimate-heading-31736a0327930e7eb h3'  data-responsive-json-new='{\"font-size\":\"\",\"line-height\":\"\"}' ><h3 style=\"font-family:&#039;Raleway&#039;;font-weight:bold;color:#3a3a3a;\">Insolite et surprenante<\/h3><\/div><div class=\"uvc-sub-heading ult-responsive\"  data-ultimate-target='.uvc-heading.ultimate-heading-31736a0327930e7eb .uvc-sub-heading '  data-responsive-json-new='{\"font-size\":\"desktop:13px;\",\"line-height\":\"desktop:25px;\"}'  style=\"font-family:&#039;Raleway&#039;;font-weight:normal;color:#8d8d8d;\">Une illustration, simple ou humoristique, peut all\u00e9ger tous les messages.\u00a0Elle peut expliquer, clarifier, insister. Elle peut interpeler, moquer, provoquer.<\/p>\n<p>Elle peut doter une identit\u00e9 d&rsquo;un soup\u00e7on de malice et aider \u00e0 propager l&rsquo;image autrement positive d&rsquo;un nom, d&rsquo;un m\u00e9tier, d&rsquo;une id\u00e9e m\u00eame.<\/p>\n<p>Inscrite dans la dur\u00e9e, elle peut fid\u00e9liser, r\u00e9conforter, unir.<\/div><\/div>[\/vc_column][vc_column width=\u00a0\u00bb1\/3&Prime;]<div id=\"ultimate-heading-2896a0327930e808\" class=\"uvc-heading ult-adjust-bottom-margin ultimate-heading-2896a0327930e808 uvc-9297 \" data-hspacer=\"no_spacer\"  data-halign=\"left\" style=\"text-align:left\"><div class=\"uvc-heading-spacer no_spacer\" style=\"top\"><\/div><div class=\"uvc-sub-heading ult-responsive\"  data-ultimate-target='.uvc-heading.ultimate-heading-2896a0327930e808 .uvc-sub-heading '  data-responsive-json-new='{\"font-size\":\"desktop:13px;\",\"line-height\":\"desktop:13px;\"}'  style=\"font-family:&#039;Raleway&#039;;font-weight:700;color:#e5ae47;\">Presse<\/div><\/div><div id=\"ultimate-heading-41696a0327930e81e\" class=\"uvc-heading ult-adjust-bottom-margin ultimate-heading-41696a0327930e81e uvc-1735 \" data-hspacer=\"no_spacer\"  data-halign=\"left\" style=\"text-align:left\"><div class=\"uvc-heading-spacer no_spacer\" style=\"top\"><\/div><div class=\"uvc-main-heading ult-responsive\"  data-ultimate-target='.uvc-heading.ultimate-heading-41696a0327930e81e h3'  data-responsive-json-new='{\"font-size\":\"\",\"line-height\":\"\"}' ><h3 style=\"font-family:&#039;Raleway&#039;;font-weight:bold;color:#3a3a3a;\">G\u00e9n\u00e9rale ou sp\u00e9cialis\u00e9e<\/h3><\/div><div class=\"uvc-sub-heading ult-responsive\"  data-ultimate-target='.uvc-heading.ultimate-heading-41696a0327930e81e .uvc-sub-heading '  data-responsive-json-new='{\"font-size\":\"desktop:13px;\",\"line-height\":\"desktop:25px;\"}'  style=\"font-family:&#039;Raleway&#039;;font-weight:normal;color:#8d8d8d;\">Le dessin pour la presse d&rsquo;information ou la presse magazine enrichit le regard des lecteurs. Il donne un \u00e9clairage diff\u00e9rent sur bien des sujets, et une approche nouvelle \u00e0 bien des d\u00e9bats.<\/p>\n<p>Tendre ou cynique, il laisse rarement indiff\u00e9rent et pour peu qu&rsquo;il ne pr\u00e9sente pas trop mal, il est toujours bienvenu sous l&rsquo;oeil des lecteurs.<\/div><\/div>[\/vc_column][vc_column width=\u00a0\u00bb1\/3&Prime;]<div id=\"ultimate-heading-10766a0327930e836\" class=\"uvc-heading ult-adjust-bottom-margin ultimate-heading-10766a0327930e836 uvc-6286 \" data-hspacer=\"no_spacer\"  data-halign=\"left\" style=\"text-align:left\"><div class=\"uvc-heading-spacer no_spacer\" style=\"top\"><\/div><div class=\"uvc-sub-heading ult-responsive\"  data-ultimate-target='.uvc-heading.ultimate-heading-10766a0327930e836 .uvc-sub-heading '  data-responsive-json-new='{\"font-size\":\"desktop:13px;\",\"line-height\":\"desktop:13px;\"}'  style=\"font-family:&#039;Raleway&#039;;font-weight:700;color:#e5ae47;\">Particulier \/ Corporate<\/div><\/div><div id=\"ultimate-heading-41516a0327930e84c\" class=\"uvc-heading ult-adjust-bottom-margin ultimate-heading-41516a0327930e84c uvc-4846 \" data-hspacer=\"no_spacer\"  data-halign=\"left\" style=\"text-align:left\"><div class=\"uvc-heading-spacer no_spacer\" style=\"top\"><\/div><div class=\"uvc-main-heading ult-responsive\"  data-ultimate-target='.uvc-heading.ultimate-heading-41516a0327930e84c h3'  data-responsive-json-new='{\"font-size\":\"\",\"line-height\":\"\"}' ><h3 style=\"font-family:&#039;Raleway&#039;;font-weight:bold;color:#3a3a3a;\">original et d\u00e9cal\u00e9<\/h3><\/div><div class=\"uvc-sub-heading ult-responsive\"  data-ultimate-target='.uvc-heading.ultimate-heading-41516a0327930e84c .uvc-sub-heading '  data-responsive-json-new='{\"font-size\":\"desktop:13px;\",\"line-height\":\"desktop:25px;\"}'  style=\"font-family:&#039;Raleway&#039;;font-weight:normal;color:#8d8d8d;\">D\u00e9parts en retraite, s\u00e9minaires, mariages, anniversaires, toutes les occasions sont bonnes pour r\u00e9aliser une caricature. Ou plusieurs.<\/p>\n<p>Interventions sur site ou cr\u00e9ation \u00e0 distance \u00e0 partir de photos, vid\u00e9o, mat\u00e9riel transmis.<\/p>\n<p>Devis sur demande.<\/div><\/div>[\/vc_column][\/vc_row][vc_row css=\u00a0\u00bb.vc_custom_1442846542265{border-top-width: 1px !important;padding-top: 40px !important;padding-bottom: 40px !important;border-top-color: #e0e0e0 !important;border-top-style: solid !important;}\u00a0\u00bb][vc_column][vc_column_text]Enfin, la cr\u00e9ation graphique s&rsquo;\u00e9tend aux travaux plus g\u00e9n\u00e9raux qui couvrent la mise en place d&rsquo;une charte graphique compl\u00e8te et ses d\u00e9clinaisons tous supports, sp\u00e9cifiques \u00e0 chaque projets. <a href=\"https:\/\/franckraynal.fr\/cartoons\/prestations-graphiques\/\">Quelques exemples ici<\/a>.[\/vc_column_text][\/vc_column][\/vc_row][vc_row css=\u00a0\u00bb.vc_custom_1442493449507{border-top-width: 1px !important;border-bottom-width: 1px !important;padding-top: 25px !important;padding-bottom: 35px !important;border-top-color: #e0e0e0 !important;border-top-style: solid !important;border-bottom-color: #e0e0e0 !important;border-bottom-style: solid !important;}\u00a0\u00bb][vc_column width=\u00a0\u00bb1\/4&Prime;]<div class=\"ult-spacer spacer-6a0327930e864\" data-id=\"6a0327930e864\" data-height=\"35\" data-height-mobile=\"35\" data-height-tab=\"35\" data-height-tab-portrait=\"\" data-height-mobile-landscape=\"\" style=\"clear:both;display:block;\"><\/div><div class=\"stats-block stats-top  \"><div class=\"aio-icon-top\"><div class=\"ult-just-icon-wrapper  \"><div class=\"align-icon\" style=\"text-align:center;\">\n<div class=\"aio-icon none \" data-animation=\"swing\" data-animation-delay=\"03\" style=\"color:#3a3a3a;font-size:42px;display:inline-block;\">\n\t<i class=\"Defaults-pencil\"><\/i>\n<\/div><\/div><\/div><\/div><div class=\"stats-desc\" id=\"counter-responsv-wrap-1859\"><div id=\"counter_26659094576a0327930e904\" data-id=\"counter_26659094576a0327930e904\"  data-ultimate-target='#counter-responsv-wrap-1859 .stats-number'  data-responsive-json-new='{\"font-size\":\"\",\"line-height\":\"\"}'  class=\"stats-number ult-responsive\" style=\"font-size:38px;  font-family:&#039;Raleway&#039;;\" data-speed=\"3\" data-counter-value=\"15457\" data-separator=\",\" data-decimal=\".\">0<\/div><div id=\"counter_26659094576a0327930e904\"  data-ultimate-target='#counter-responsv-wrap-1859 .stats-text'  data-responsive-json-new='{\"font-size\":\"\",\"line-height\":\"desktop:32px;\"}'  class=\"stats-text ult-responsive\" style=\"font-size:13px;  font-family:&#039;Raleway&#039;;font-weight:normal;font-style:normal;\">R\u00c9ALISATIONS (ou pas loin)<\/div><\/div><\/div>[\/vc_column][vc_column width=\u00a0\u00bb1\/4&Prime;]<div class=\"ult-spacer spacer-6a0327930e91e\" data-id=\"6a0327930e91e\" data-height=\"35\" data-height-mobile=\"35\" data-height-tab=\"35\" data-height-tab-portrait=\"\" data-height-mobile-landscape=\"\" style=\"clear:both;display:block;\"><\/div><div class=\"stats-block stats-top  \"><div class=\"aio-icon-top\"><div class=\"ult-just-icon-wrapper  \"><div class=\"align-icon\" style=\"text-align:center;\">\n<div class=\"aio-icon none \" data-animation=\"swing\" data-animation-delay=\"03\" style=\"color:#3a3a3a;font-size:42px;display:inline-block;\">\n\t<i class=\"Defaults-thumbs-o-up\"><\/i>\n<\/div><\/div><\/div><\/div><div class=\"stats-desc\" id=\"counter-responsv-wrap-7196\"><div id=\"counter_34924615216a0327930e95e\" data-id=\"counter_34924615216a0327930e95e\"  data-ultimate-target='#counter-responsv-wrap-7196 .stats-number'  data-responsive-json-new='{\"font-size\":\"\",\"line-height\":\"\"}'  class=\"stats-number ult-responsive\" style=\"font-size:38px;  font-family:&#039;Raleway&#039;;\" data-speed=\"3\" data-counter-value=\"517\" data-separator=\",\" data-decimal=\".\">0<\/div><div id=\"counter_34924615216a0327930e95e\"  data-ultimate-target='#counter-responsv-wrap-7196 .stats-text'  data-responsive-json-new='{\"font-size\":\"\",\"line-height\":\"desktop:32px;\"}'  class=\"stats-text ult-responsive\" style=\"font-size:13px;  font-family:&#039;Raleway&#039;;font-weight:normal;font-style:normal;\">CLIENTS SATISFAITS (au moins)<\/div><\/div><\/div>[\/vc_column][vc_column width=\u00a0\u00bb1\/4&Prime;]<div class=\"ult-spacer spacer-6a0327930e972\" data-id=\"6a0327930e972\" data-height=\"35\" data-height-mobile=\"35\" data-height-tab=\"35\" data-height-tab-portrait=\"\" data-height-mobile-landscape=\"\" style=\"clear:both;display:block;\"><\/div><div class=\"stats-block stats-top  \"><div class=\"aio-icon-top\"><div class=\"ult-just-icon-wrapper  \"><div class=\"align-icon\" style=\"text-align:center;\">\n<div class=\"aio-icon none \" data-animation=\"swing\" data-animation-delay=\"03\" style=\"color:#3a3a3a;font-size:42px;display:inline-block;\">\n\t<i class=\"Defaults-trophy\"><\/i>\n<\/div><\/div><\/div><\/div><div class=\"stats-desc\" id=\"counter-responsv-wrap-3819\"><div id=\"counter_15033369526a0327930e9a7\" data-id=\"counter_15033369526a0327930e9a7\"  data-ultimate-target='#counter-responsv-wrap-3819 .stats-number'  data-responsive-json-new='{\"font-size\":\"\",\"line-height\":\"\"}'  class=\"stats-number ult-responsive\" style=\"font-size:38px;  font-family:&#039;Raleway&#039;;\" data-speed=\"3\" data-counter-value=\"147\" data-separator=\",\" data-decimal=\".\">0<\/div><div id=\"counter_15033369526a0327930e9a7\"  data-ultimate-target='#counter-responsv-wrap-3819 .stats-text'  data-responsive-json-new='{\"font-size\":\"\",\"line-height\":\"desktop:32px;\"}'  class=\"stats-text ult-responsive\" style=\"font-size:13px;  font-family:&#039;Raleway&#039;;font-weight:normal;font-style:normal;\">R\u00c9COMPENSES (bient\u00f4t)<\/div><\/div><\/div>[\/vc_column][vc_column width=\u00a0\u00bb1\/4&Prime;]<div class=\"ult-spacer spacer-6a0327930e9b8\" data-id=\"6a0327930e9b8\" data-height=\"35\" data-height-mobile=\"35\" data-height-tab=\"35\" data-height-tab-portrait=\"\" data-height-mobile-landscape=\"\" style=\"clear:both;display:block;\"><\/div><div class=\"stats-block stats-top  \"><div class=\"aio-icon-top\"><div class=\"ult-just-icon-wrapper  \"><div class=\"align-icon\" style=\"text-align:center;\">\n<div class=\"aio-icon none \" data-animation=\"swing\" data-animation-delay=\"03\" style=\"color:#3a3a3a;font-size:42px;display:inline-block;\">\n\t<i class=\"Defaults-clock-o\"><\/i>\n<\/div><\/div><\/div><\/div><div class=\"stats-desc\" id=\"counter-responsv-wrap-6637\"><div id=\"counter_18666883966a0327930e9e9\" data-id=\"counter_18666883966a0327930e9e9\"  data-ultimate-target='#counter-responsv-wrap-6637 .stats-number'  data-responsive-json-new='{\"font-size\":\"\",\"line-height\":\"\"}'  class=\"stats-number ult-responsive\" style=\"font-size:38px;  font-family:&#039;Raleway&#039;;\" data-speed=\"3\" data-counter-value=\"400465\" data-separator=\",\" data-decimal=\".\">0<\/div><div id=\"counter_18666883966a0327930e9e9\"  data-ultimate-target='#counter-responsv-wrap-6637 .stats-text'  data-responsive-json-new='{\"font-size\":\"\",\"line-height\":\"desktop:32px;\"}'  class=\"stats-text ult-responsive\" style=\"font-size:13px;  font-family:&#039;Raleway&#039;;font-weight:normal;font-style:normal;\">HEURES PASS\u00c9ES<\/div><\/div><\/div>[\/vc_column][\/vc_row][vc_row][vc_column]<div class=\"ult-spacer spacer-6a0327930e9fa\" data-id=\"6a0327930e9fa\" data-height=\"50\" data-height-mobile=\"50\" data-height-tab=\"50\" data-height-tab-portrait=\"\" data-height-mobile-landscape=\"\" style=\"clear:both;display:block;\"><\/div><div id=\"ult-carousel-3928593436a0327930eb99\" class=\"ult-carousel-wrapper   ult_horizontal\" data-gutter=\"10\" data-rtl=\"false\" ><div class=\"ult-carousel-14569292056a0327930ea09 \" >[vc_single_image image=\u00a0\u00bb1237&Prime; alignment=\u00a0\u00bbcenter\u00a0\u00bb][vc_single_image image=\u00a0\u00bb1231&Prime; alignment=\u00a0\u00bbcenter\u00a0\u00bb][vc_single_image image=\u00a0\u00bb1239&Prime; alignment=\u00a0\u00bbcenter\u00a0\u00bb][vc_single_image image=\u00a0\u00bb1240&Prime; alignment=\u00a0\u00bbcenter\u00a0\u00bb][vc_single_image image=\u00a0\u00bb1232&Prime; alignment=\u00a0\u00bbcenter\u00a0\u00bb][vc_single_image image=\u00a0\u00bb1234&Prime; alignment=\u00a0\u00bbcenter\u00a0\u00bb][vc_single_image image=\u00a0\u00bb1233&Prime; alignment=\u00a0\u00bbcenter\u00a0\u00bb][vc_single_image image=\u00a0\u00bb1229&Prime; alignment=\u00a0\u00bbcenter\u00a0\u00bb][vc_single_image image=\u00a0\u00bb1228&Prime; alignment=\u00a0\u00bbcenter\u00a0\u00bb][vc_single_image image=\u00a0\u00bb1230&Prime; alignment=\u00a0\u00bbcenter\u00a0\u00bb][vc_single_image image=\u00a0\u00bb1243&Prime; alignment=\u00a0\u00bbcenter\u00a0\u00bb][vc_single_image image=\u00a0\u00bb1235&Prime; alignment=\u00a0\u00bbcenter\u00a0\u00bb][vc_single_image image=\u00a0\u00bb1241&Prime; alignment=\u00a0\u00bbcenter\u00a0\u00bb][vc_single_image image=\u00a0\u00bb1244&Prime; alignment=\u00a0\u00bbcenter\u00a0\u00bb][vc_single_image image=\u00a0\u00bb1238&Prime; alignment=\u00a0\u00bbcenter\u00a0\u00bb]<\/div><\/div>\t\t\t<script type=\"text\/javascript\">\r\n\t\t\t\tjQuery(document).ready(function ($) {\r\n\t\t\t\t\tif( typeof jQuery('.ult-carousel-14569292056a0327930ea09').slick == \"function\"){\r\n\t\t\t\t\t\t$('.ult-carousel-14569292056a0327930ea09').slick({dots: false,autoplay: true,autoplaySpeed: 1000,speed: 1500,infinite: true,arrows: false,slidesToScroll:5,slidesToShow:5,swipe: true,draggable: true,touchMove: true,pauseOnHover: true,pauseOnFocus: false,responsive: [\r\n\t\t\t\t\t\t\t{\r\n\t\t\t\t\t\t\t  breakpoint: 1026,\r\n\t\t\t\t\t\t\t  settings: {\r\n\t\t\t\t\t\t\t\tslidesToShow: 5,\r\n\t\t\t\t\t\t\t\tslidesToScroll: 5,  \r\n\t\t\t\t\t\t\t  }\r\n\t\t\t\t\t\t\t},\r\n\t\t\t\t\t\t\t{\r\n\t\t\t\t\t\t\t  breakpoint: 1025,\r\n\t\t\t\t\t\t\t  settings: {\r\n\t\t\t\t\t\t\t\tslidesToShow: 3,\r\n\t\t\t\t\t\t\t\tslidesToScroll: 3\r\n\t\t\t\t\t\t\t  }\r\n\t\t\t\t\t\t\t},\r\n\t\t\t\t\t\t\t{\r\n\t\t\t\t\t\t\t  breakpoint: 760,\r\n\t\t\t\t\t\t\t  settings: {\r\n\t\t\t\t\t\t\t\tslidesToShow: 2,\r\n\t\t\t\t\t\t\t\tslidesToScroll: 2\r\n\t\t\t\t\t\t\t  }\r\n\t\t\t\t\t\t\t}\r\n\t\t\t\t\t\t],pauseOnDotsHover: true,customPaging: function(slider, i) {\r\n                   return '<i type=\"button\" style= \"color:#333333;\" class=\"ultsl-record\" data-role=\"none\"><\/i>';\r\n                },});\r\n\t\t\t\t\t}\r\n\t\t\t\t});\r\n\t\t\t<\/script>\r\n\t\t\t[\/vc_column][\/vc_row]<\/p>\n","protected":false},"excerpt":{"rendered":"<p>[vc_row][vc_column][\/vc_column][\/vc_row][vc_row css=\u00a0\u00bb.vc_custom_1442521340885{padding-bottom: 0px !important;}\u00a0\u00bb][vc_column][vc_single_image image=\u00a0\u00bb1226&Prime; img_size=\u00a0\u00bb350&#215;580&Prime; alignment=\u00a0\u00bbcenter\u00a0\u00bb][\/vc_column][\/vc_row][vc_row css=\u00a0\u00bb.vc_custom_1442521381628{padding-top: 20px !important;padding-bottom: 40px !important;}\u00a0\u00bb][vc_column width=\u00a0\u00bb1\/2&Prime;][\/vc_column][vc_column width=\u00a0\u00bb1\/2&Prime;][vc_progress_bar values=\u00a0\u00bb%5B%7B%22label%22%3A%22Cerveau%22%2C%22value%22%3A%2299.9%22%2C%22customcolor%22%3A%22%23e5ae47%22%7D%2C%7B%22label%22%3A%22Crayon%22%2C%22value%22%3A%2250%22%2C%22customcolor%22%3A%22%23e5ae47%22%7D%2C%7B%22label%22%3A%22Gomme%22%2C%22value%22%3A%2225%22%2C%22customcolor%22%3A%22%23e5ae47%22%7D%2C%7B%22label%22%3A%22Adobe%20(Photoshop%2C%20Illustrator%2C%20Indesign&#8230;)%22%2C%22value%22%3A%2285%22%7D%2C%7B%22label%22%3A%22Photographie%2C%20vid%C3%A9o%22%2C%22value%22%3A%2250%22%7D%5D\u00a0\u00bb bgcolor=\u00a0\u00bbcustom\u00a0\u00bb options=\u00a0\u00bbanimated\u00a0\u00bb units=\u00a0\u00bb%\u00a0\u00bb custombgcolor=\u00a0\u00bb#e5ae47&Prime;][\/vc_column][\/vc_row][vc_row css=\u00a0\u00bb.vc_custom_1442846542265{border-top-width: 1px !important;padding-top: 40px !important;padding-bottom: 40px !important;border-top-color: #e0e0e0 !important;border-top-style: solid !important;}\u00a0\u00bb][vc_column width=\u00a0\u00bb1\/3&Prime;][\/vc_column][vc_column width=\u00a0\u00bb1\/3&Prime;][\/vc_column][vc_column width=\u00a0\u00bb1\/3&Prime;][\/vc_column][\/vc_row][vc_row css=\u00a0\u00bb.vc_custom_1442846542265{border-top-width: 1px !important;padding-top: 40px !important;padding-bottom: 40px !important;border-top-color: #e0e0e0 !important;border-top-style: solid !important;}\u00a0\u00bb][vc_column][vc_column_text]Enfin, la cr\u00e9ation graphique s&rsquo;\u00e9tend aux travaux plus g\u00e9n\u00e9raux qui couvrent la [&hellip;]<\/p>\n","protected":false},"author":1,"featured_media":0,"parent":0,"menu_order":0,"comment_status":"closed","ping_status":"closed","template":"","meta":{"footnotes":""},"class_list":["post-725","page","type-page","status-publish","hentry"],"_links":{"self":[{"href":"https:\/\/franckraynal.fr\/cartoons\/wp-json\/wp\/v2\/pages\/725","targetHints":{"allow":["GET"]}}],"collection":[{"href":"https:\/\/franckraynal.fr\/cartoons\/wp-json\/wp\/v2\/pages"}],"about":[{"href":"https:\/\/franckraynal.fr\/cartoons\/wp-json\/wp\/v2\/types\/page"}],"author":[{"embeddable":true,"href":"https:\/\/franckraynal.fr\/cartoons\/wp-json\/wp\/v2\/users\/1"}],"replies":[{"embeddable":true,"href":"https:\/\/franckraynal.fr\/cartoons\/wp-json\/wp\/v2\/comments?post=725"}],"version-history":[{"count":7,"href":"https:\/\/franckraynal.fr\/cartoons\/wp-json\/wp\/v2\/pages\/725\/revisions"}],"predecessor-version":[{"id":1488,"href":"https:\/\/franckraynal.fr\/cartoons\/wp-json\/wp\/v2\/pages\/725\/revisions\/1488"}],"wp:attachment":[{"href":"https:\/\/franckraynal.fr\/cartoons\/wp-json\/wp\/v2\/media?parent=725"}],"curies":[{"name":"wp","href":"https:\/\/api.w.org\/{rel}","templated":true}]}}